{"id":17,"date":"2019-05-21T21:28:07","date_gmt":"2019-05-21T21:28:07","guid":{"rendered":"https:\/\/siscof.inf.br\/site\/?page_id=17"},"modified":"2019-05-25T03:12:52","modified_gmt":"2019-05-25T03:12:52","slug":"sistema","status":"publish","type":"page","link":"https:\/\/siscof.inf.br\/site\/","title":{"rendered":"Bem Vindo!"},"content":{"rendered":"\n<div class=\"wp-block-image\"><figure class=\"aligncenter is-resized\"><img loading=\"lazy\" decoding=\"async\" src=\"https:\/\/siscof.inf.br\/site\/wp-content\/uploads\/2019\/05\/esp8266proto-1024x577.jpg\" alt=\"\" class=\"wp-image-92\" width=\"248\" height=\"139\"\/><\/figure><\/div>\n\n\n\n<p>O <strong>SisCoF <\/strong>\u00e9 um projeto de conclus\u00e3o de curso, elaborado pelo aluno Marcus Vin\u00edcius Sanches Ribeiro, para obten\u00e7\u00e3o do grau de Tecn\u00f3logo em Sistemas de Telecomunica\u00e7\u00f5es, pela <a rel=\"noreferrer noopener\" aria-label=\"UTFPR - Universidade Tecnol\u00f3gica Federal do Paran\u00e1 (abre numa nova aba)\" href=\"http:\/\/portal.utfpr.edu.br\/cursos\/coordenacoes\/graduacao\/curitiba\/ct-tecnologia-em-sistemas-de-telecomunicacoes\" target=\"_blank\">UTFPR &#8211; Universidade Tecnol\u00f3gica Federal do Paran\u00e1<\/a>.<\/p>\n\n\n\n<p>O trabalho consiste no estudo das tecnologias dispon\u00edveis no mercado e no meio acad\u00eamico, que possam ser utilizadas para criar um sistema de controle de dados de frotas de ve\u00edculos. O sistema, por sua vez, tem a proposta de ser vi\u00e1vel em empresas de diversos segmentos e portes, pois visa a utiliza\u00e7\u00e3o de c\u00f3digo aberto, software livre e hardwares de baixo custo, ou que as empresas j\u00e1 possuam. Dentre as tecnologias estudadas est\u00e3o RFID, Programa\u00e7\u00e3o para WEB, Servidores WEB, bancos de dados como MySQL, Programa\u00e7\u00e3o de Microcontroladores como o Arduino, comunica\u00e7\u00e3o serial, ethernet e Wireless, dentre outros.<\/p>\n\n\n\n<p>Este site tem por objetivo disponibilizar de forma detalhada todo conte\u00fado gerado no trabalho, bem como demonstrar as funcionalidades b\u00e1sicas do sistema proposto, assim como, hospedar e permitir o acesso \u00e0 documenta\u00e7\u00e3o, c\u00f3digos fonte, imagens e v\u00eddeos, \u00e0 quem possa interessar.<\/p>\n\n\n\n<p>O leitor pode ficar \u00e0 vontade para acessar todos os itens dispon\u00edveis neste site, bem como utilizar de seus recursos da forma que lhe for \u00fatil, desde que respeite o empenho que foi dispensado a ele, inclusive sobre aspectos legais, quanto \u00e0s licen\u00e7as dos softwares citados e a propriedade intelectual dos c\u00f3digos criados.<\/p>\n\n\n\n<p> <\/p>\n","protected":false},"excerpt":{"rendered":"<p>O SisCoF \u00e9 um projeto de conclus\u00e3o de curso, elaborado pelo aluno Marcus Vin\u00edcius Sanches Ribeiro, para obten\u00e7\u00e3o do grau de Tecn\u00f3logo em Sistemas de Telecomunica\u00e7\u00f5es, pela UTFPR &#8211; Universidade Tecnol\u00f3gica Federal do Paran\u00e1. O trabalho consiste no estudo das tecnologias dispon\u00edveis no mercado e no meio acad\u00eamico, que possam ser utilizadas para criar um [&hellip;]<\/p>\n","protected":false},"author":1,"featured_media":0,"parent":0,"menu_order":0,"comment_status":"closed","ping_status":"closed","template":"","meta":{"footnotes":""},"class_list":["post-17","page","type-page","status-publish","hentry"],"_links":{"self":[{"href":"https:\/\/siscof.inf.br\/site\/wp-json\/wp\/v2\/pages\/17","targetHints":{"allow":["GET"]}}],"collection":[{"href":"https:\/\/siscof.inf.br\/site\/wp-json\/wp\/v2\/pages"}],"about":[{"href":"https:\/\/siscof.inf.br\/site\/wp-json\/wp\/v2\/types\/page"}],"author":[{"embeddable":true,"href":"https:\/\/siscof.inf.br\/site\/wp-json\/wp\/v2\/users\/1"}],"replies":[{"embeddable":true,"href":"https:\/\/siscof.inf.br\/site\/wp-json\/wp\/v2\/comments?post=17"}],"version-history":[{"count":11,"href":"https:\/\/siscof.inf.br\/site\/wp-json\/wp\/v2\/pages\/17\/revisions"}],"predecessor-version":[{"id":105,"href":"https:\/\/siscof.inf.br\/site\/wp-json\/wp\/v2\/pages\/17\/revisions\/105"}],"wp:attachment":[{"href":"https:\/\/siscof.inf.br\/site\/wp-json\/wp\/v2\/media?parent=17"}],"curies":[{"name":"wp","href":"https:\/\/api.w.org\/{rel}","templated":true}]}}