{"id":60,"date":"2019-05-25T01:57:29","date_gmt":"2019-05-25T01:57:29","guid":{"rendered":"https:\/\/siscof.inf.br\/site\/?page_id=60"},"modified":"2019-05-28T01:56:15","modified_gmt":"2019-05-28T01:56:15","slug":"agradecimentos","status":"publish","type":"page","link":"https:\/\/siscof.inf.br\/site\/agradecimentos\/","title":{"rendered":"Agradecimentos"},"content":{"rendered":"\n<p><\/p>\n\n\n\n<p>Agrade\u00e7o aos meus pais pela\neduca\u00e7\u00e3o e pelos princ\u00edpios a mim ensinados, o que me propiciou alcan\u00e7ar tudo\naquilo que tenho e que sou.<\/p>\n\n\n\n<p>\u00c0 minha querida Vivian\nSayuri, agrade\u00e7o pelo carinho e dedica\u00e7\u00e3o em me ajudar a alcan\u00e7ar os objetivos,\na me fazer evoluir e crescer junto comigo, tendo come\u00e7ado sua jornada e\nescolhendo a unir com a minha.<\/p>\n\n\n\n<p>Agrade\u00e7o ao meu colega de\noutrora, Felipe Gouv\u00eaa, que topou construir junto comigo nosso primeiro projeto\nde faculdade, que serviu de inspira\u00e7\u00e3o para este e para tantos outros projetos<\/p>\n\n\n\n<p>Aos meus professores, dedico\nmeu respeito, minha admira\u00e7\u00e3o e meu apre\u00e7o, agradecendo por toda experi\u00eancia e\nconhecimentos compartilhados.<\/p>\n\n\n\n<p>Por fim, \u00e0queles que me\najudaram no desenvolvimento e testes deste, meus colegas de trabalho e de\nfaculdade, toda a minha gratid\u00e3o pelo apoio e pela colabora\u00e7\u00e3o.<\/p>\n","protected":false},"excerpt":{"rendered":"<p>Agrade\u00e7o aos meus pais pela educa\u00e7\u00e3o e pelos princ\u00edpios a mim ensinados, o que me propiciou alcan\u00e7ar tudo aquilo que tenho e que sou. \u00c0 minha querida Vivian Sayuri, agrade\u00e7o pelo carinho e dedica\u00e7\u00e3o em me ajudar a alcan\u00e7ar os objetivos, a me fazer evoluir e crescer junto comigo, tendo come\u00e7ado sua jornada e escolhendo [&hellip;]<\/p>\n","protected":false},"author":1,"featured_media":0,"parent":0,"menu_order":0,"comment_status":"closed","ping_status":"closed","template":"","meta":{"footnotes":""},"class_list":["post-60","page","type-page","status-publish","hentry"],"_links":{"self":[{"href":"https:\/\/siscof.inf.br\/site\/wp-json\/wp\/v2\/pages\/60","targetHints":{"allow":["GET"]}}],"collection":[{"href":"https:\/\/siscof.inf.br\/site\/wp-json\/wp\/v2\/pages"}],"about":[{"href":"https:\/\/siscof.inf.br\/site\/wp-json\/wp\/v2\/types\/page"}],"author":[{"embeddable":true,"href":"https:\/\/siscof.inf.br\/site\/wp-json\/wp\/v2\/users\/1"}],"replies":[{"embeddable":true,"href":"https:\/\/siscof.inf.br\/site\/wp-json\/wp\/v2\/comments?post=60"}],"version-history":[{"count":3,"href":"https:\/\/siscof.inf.br\/site\/wp-json\/wp\/v2\/pages\/60\/revisions"}],"predecessor-version":[{"id":130,"href":"https:\/\/siscof.inf.br\/site\/wp-json\/wp\/v2\/pages\/60\/revisions\/130"}],"wp:attachment":[{"href":"https:\/\/siscof.inf.br\/site\/wp-json\/wp\/v2\/media?parent=60"}],"curies":[{"name":"wp","href":"https:\/\/api.w.org\/{rel}","templated":true}]}}